
4
Let y(v) be the first derivative of 4 + 8*v - 1/2*v**2. Let t be y(6). Let n(x) = -3*x + 2. Give n(t).
-4
Let y(m) = -m - 48*m**2 + 72*m**2 - 24*m**2 + 10*m**3. Suppose -4 = -3*j + 2*q - 1, j - 2*q - 5 = 0. Determine y(j).
-9
Let n(v) be the second derivative of -v**4/2 + v**3/6 - v. Suppose -4*y - 6 = -18. Suppose 0 = -8*k + 5*k + y. What is n(k)?
-5
Let u(b) = -2*b + 6. Let p be u(6). Let h(c) = 2*c**3 - 50*c**2 + c + 2. Let v(w) = w**3 - 23*w**2 + 1. Let x(o) = 7*h(o) - 15*v(o). Calculate x(p).
-7
Let c be -1*(-5)/(-10)*(2 + -2). Let p(w) = -11 + 2*w + 13 + c*w. What is p(-4)?
-6
Let v(y) be the second derivative of y**5/20 - y**4/12 + y**3/6 + 23*y**2/2 + 14*y. Determine v(0).
23
Let s be (-7)/(-14) + (-38)/4. Let n = 9 - 5. Let u = s + n. Let r(f) = -f - 1. Calculate r(u).
4
Suppose -23*w = -29 + 75. Let m(q) = -3*q**2 - q + 4. What is m(w)?
-6
Suppose 9 = -4*b + 89. Let y(v) = 12*v + 10*v - 6 - 3 - b*v. Calculate y(8).
7
Let j(m) = -m**3 + m**2 + 3. Let t be j(2). Let x(l) = -2*l**2 + 2. Let c be x(0). Let z(u) = c*u - 6*u**3 - 6*u**3 + u**2 - 3 + 0*u**2 + 4. Calculate z(t).
12
Let k(t) = -4 + 14 + 8*t**2 - 7*t**2 - 4 + 5*t. Determine k(-5).
6
Let g(q) = q**2 + 2*q - 3. Suppose 14 = -32*y + 110. Calculate g(y).
12
Let f(i) = 2*i**2 + 10*i - 11. Let s = -43 - -37. Give f(s).
1
Let d(c) = -3*c**2 - 9*c + 31. Let m(t) = -2*t**2 - 3*t + 15. Let f(o) = 3*d(o) - 5*m(o). Calculate f(10).
-2
Let o(b) = 4*b + 1. Let f be (-12)/(-3) - (-2 + 3)*7. Give o(f).
-11
Let k(r) = -3 - 2 - 356*r + 354*r. Calculate k(0).
-5
Let u(c) = c**3 - 3*c**2 - 5*c + 4. Let w = 39 + -35. Calculate u(w).
0
Let h be 4/6*6 - 6. Let v(y) = y**3 - 3*y**2 + y - 2. Suppose 16 = -4*g - 8. Let r(l) = -l**3 + 3*l**2 - 2*l + 2. Let z(k) = g*v(k) - 5*r(k). What is z(h)?
14
Let k(x) = -6*x**2 + 6*x + 13. Let r(q) = -q - 3. Let m(u) = -k(u) - 4*r(u). Calculate m(-1).
7
Suppose s + 43 = 40. Let h(t) = 3*t + 11. Let p be h(s). Let u(w) = -3*w. Determine u(p).
-6
Let n(y) be the third derivative of y**4/24 + 5*y**3/6 - 279*y**2. Calculate n(6).
11
Let q(b) be the second derivative of -b**3/6 + 2*b**2 - 7*b + 3. Determine q(2).
2
Let s(r) = r**3 + 4*r**2 + 3*r + 4. Let z(n) = -2*n**2 - 2*n - 23. Let w be z(0). Let x = w - -19. What is s(x)?
-8
Let g(a) = a**3 - 9*a**2 - 2*a - 20. Let j be g(11). Let h(p) = 2*p - j*p**2 + 402*p**2 - 203*p**2 + 2. Determine h(3).
-1
Let s(r) be the first derivative of -2*r**3/3 - 3*r**2/2 - 2*r + 229. Give s(-6).
-56
Let k be (-120)/(-28) + (-2)/7. Suppose -4*h + 3*g = -3, -3*h + 5*g + 1 = -k. Let a(c) = c - 2 - 29*c**3 + 30*c**3 - c**2 + 0*c. Give a(h).
-2
Let j(d) = d**3 + 3*d**2 + d - 1. Let q = -70 - -68. Calculate j(q).
1
Suppose -33*b - 9 = -32*b. Let j = b - -3. Let r(s) = 10 - 2 + 3*s - s. Calculate r(j).
-4
Let d(s) = 290*s - 578*s - 2 + 290*s. Give d(7).
12
Let h = 926 + -928. Let z(o) = 3*o - 1 + 2*o**2 - 3*o**3 + 2 + 2*o**3. What is z(h)?
11
Let d(c) = -c**3 + 2*c**2 + c + 2. Let p be d(0). Suppose 2*y + 2*k + 2 = 16, 0 = -3*y - p*k + 18. Let v(n) = -n**2 + 3*n - 6. What is v(y)?
-10
Let l(u) = -5*u**2 + 2*u**2 + u**2 - 4*u + 4. Suppose y = 4, -2*d + 2*y = -2*y + 18. Let n(t) = t**2 - t - 1. Let x(v) = d*l(v) - n(v). Give x(-5).
-3
Let o(r) = -24 - r + 44 + 2*r + 3*r - 2*r. Calculate o(-11).
-2
Suppose 6*t = 7*t - 28. Let o be (-4)/3 - t/6. Let z(g) = -g**2 - 5*g. Calculate z(o).
-6
Let v(i) = -i**2 + 6*i - 5. Let s be v(2). Let a be 0/(-2*s + 3). Let u(g) = g**3 - g + 18. What is u(a)?
18
Let t(d) = -2*d + 3. Let p = -236 + 241. What is t(p)?
-7
Let d(v) = 2*v - 6. Let i be 2 + 10 + (-32)/8. Give d(i).
10
Let w(y) be the second derivative of y**4/12 + y**2/2 - 83*y. Give w(-5).
26
Let g(d) = -2*d - 4*d**2 + 6*d + 21 - 3*d**3 + 13*d. Let u(j) = -j**3 - j**2 + 6*j + 7. Let r be 3*-1*8/(-6). Let m(l) = r*g(l) - 11*u(l). Give m(-5).
-3
Let p(q) = q**2 + 46*q + 517. Let z be p(-27). Let f(l) = -l. Let s(a) = -a + 1. Let c(t) = -2*f(t) + s(t). Determine c(z).
5
Let v(t) = 22 - t + 21 - 64 + 18. Let z(k) = -k + 2. Let c be z(8). What is v(c)?
3
Let k(u) = u**2 + 10*u + 14. Let s = -165 + 158. Give k(s).
-7
Let m(c) be the third derivative of -c**5/60 - 7*c**4/24 + c**3/3 + 7*c**2 - c. Let t(i) = i - 13. Let b be t(6). Give m(b).
2
Let d(g) = g**3 - 4*g**2 - 8*g + 6. Let p = 103 + -98. Let f be (6/4)/(3/20). Suppose q - 3 - 8 = 3*x, 4*q = -p*x + f. Calculate d(q).
-9
Let k(o) = o**2 + 3*o - 5. Let j be k(-5). Let y be (-30)/4*4/j. Let g(s) = -1 - s + 2*s - 5*s + 3*s. Calculate g(y).
5
Let m = 866 + -884. Let p(l) = -l**2 - 17*l + 13. Give p(m).
-5
Let t(k) be the first derivative of 7*k**2/2 - 4*k + 30. Calculate t(3).
17
Let z be (0/2)/((-12)/(-6)). Let x(f) = z*f + 0 - 3*f + f**2 - f + 3. Determine x(3).
0
Let c be 1 - (-30)/(-12) - (-1)/2. Let k(l) = 7*l**3 - l**2 + 4*l + 4. Give k(c).
-8
Let r(b) = 9*b - 9. Let j be r(4). Let u = 31 - j. Let h(o) = -o**2 + 7*o - 6. What is h(u)?
6
Let u(z) = 19*z + 48. Let m(o) = 32*o + 80. Let h(w) = -7*m(w) + 12*u(w). Give h(0).
16
Let o(y) = 7*y - 31. Let b(c) = 4*c - 16. Let d(n) = 5*b(n) - 3*o(n). Let l(q) = 2*q - 14. Let z(m) = -3*d(m) - 2*l(m). Determine z(8).
-19
Let m(k) = 58*k**2 - 17*k**2 - 17*k**2 - k + 0*k - 28*k**2. What is m(1)?
-5
Let b be (2/5)/(3*(-3)/(-45)). Let i(s) = -7*s - 1 + 2*s**b + s - s**2. Give i(6).
-1
Let o = 17 + -11. Suppose o = -6*s + 7*s. Let t(m) = 3*m - s + 2 - 2. Give t(4).
6
Let f = 65 - 65. Let i(d) = f*d + 2*d - d + d**2 - 29 + 25. Suppose -5*b + 2*t + 3 = 5*t, 5*b + 5*t - 5 = 0. What is i(b)?
-4
Suppose 0*k = -4*k + 8. Let n(f) = -1 + 2*f - f**3 + 3 + 6*f**k + 0*f - 9. Determine n(6).
5
Let k(a) = -11*a - 20. Let f(m) = 3*m + 6. Let j(r) = -7*f(r) - 2*k(r). What is j(-10)?
-12
Suppose 12 - 26 = 14*f. Let r(n) = -12*n**3 - n - 2. What is r(f)?
11
Let u be (-4)/3*((-9)/6)/1. Let n(g) be the second derivative of 1/20*g**5 + 0 - 1/4*g**4 - 2*g + 0*g**u + 1/6*g**3. Give n(2).
-2
Let t = 17 + -31. Let g be (-2)/(10/(-15)) - 17. Let a = g - t. Let x(z) = z**3 + z**2 + z - 5. Give x(a).
-5
Suppose -3 + 13 = b. Suppose -b*w + 14*w - 8 = 0. Let m(q) = -8*q**2 + 3*q**2 + 4*q**w. Give m(-1).
-1
Let a(f) = -5*f**3 - 26*f**2 - 16*f - 8. Let c(k) = 3*k**3 + 17*k**2 + 10*k + 5. Let y(o) = 5*a(o) + 8*c(o). Give y(6).
0
Let d(c) = 11 - c + 6 - 16. Let r(q) = -5*q + 2*q + 5 + q. Let k(p) = -3*d(p) + r(p). What is k(-4)?
-2
Let b(s) be the second derivative of -s**3/6 + 7*s**2/2 - 5*s. Suppose -4*t + 32 = 3*r, 126*r - 16 = -2*t + 122*r. Give b(t).
-1
Let c = -27 - -28. Let r(a) = 3*a - 9. Let d(f) = -f + 1. Let z(l) = c*r(l) + 4*d(l). Let h be -2 + 1 - (6 - 1). Give z(h).
1
Let u(w) = 2*w - 5. Let y = 11 + -17. Let k = 3 + y. Let l be 8*2*k/(-12). Determine u(l).
3
Let i(s) be the first derivative of -s**3/3 + s**2/2 + s + 25. Suppose 2*w = -2 - 0. Let k = 0 + w. What is i(k)?
-1
Let g(u) be the second derivative of -u**5/20 + u**4/4 - u**3/2 + 2*u**2 - 6*u. Let z = -88 - -91. Calculate g(z).
-5
Let c(b) = 0*b + 0 - b + 1. Suppose -2*g + 8 = -t - 3, 5*g + t = 17. Give c(g).
-3
Let c(u) be the third derivative of 2/3*u**3 + 5*u**2 + 0 - 1/12*u**4 + 0*u. Give c(4).
-4
Let f = -40 - -45. Let u(q) = 13*q + 1. Let s(r) = -11*r. Let c(b) = f*u(b) + 6*s(b). Calculate c(4).
1
Let b(m) = -m**2 + 6*m - 1. Let n = 470 + -266. Let d be 2/(-5) + n/10. Suppose 0 = -2*l + d - 8. What is b(l)?
-1
Suppose -15*y = 1308 - 1353. Let p(w) = -w + 2. Give p(y).
-1
Let i(y) = y**2 - y - 2. Suppose 0 = 4*a - 196 - 12. Let x be (13/(a/16))/(2*1). Give i(x).
0
Let c(k) = -9*k + 1. Let w(v) = -2*v**3 + 68*v**2 - 3. Let h be w(34). Calculate c(h).
28
Let q be (-9)/(36/4)*-5*1. Let t(x) = x**2 - 5*x - 1. Determine t(q).
-1
Let y(f) be the second derivative of -f**8/1120 - f**7/2520 + f**6/360 - f**5/120 - 3*f**4/4 - 5*f. Let l(m) be the third derivative of y(m). Calculate l(1).
-6
Let p(s) be the second derivative of s**5/2 - s**4/6 + s**3/3 - s**2/2 - 69*s. Suppose 0 = -3*w + 33 - 30. What is p(w)?
9
Let f(n) = n. Let p = 12 + -5. Suppose 12*t - p*t = 3*t. Give f(t).
0
Suppose l - 4*u = 3*l - 16, -l + 14 = 4*u. Let c(j) = -j**2 - j + j**3 + l*j**3 + 2*j**3. Let s = -3 - -2. Determine c(s).
-5
Let g(k) = k - 6. Suppose -2*h - 6*h = 0. Give g(h).
-6
Suppose 3 = 3*w - 12. Suppose 0 = -w*c + 5*d + 35, 5*c - 3*d = 31